{"id":5538,"date":"2021-10-26T14:21:38","date_gmt":"2021-10-26T13:21:38","guid":{"rendered":"https:\/\/staging.cat-int.org\/?page_id=5538"},"modified":"2021-11-01T21:15:17","modified_gmt":"2021-11-01T20:15:17","slug":"terms-and-conditions","status":"publish","type":"page","link":"https:\/\/staging.cat-int.org\/index.php\/terms-and-conditions\/","title":{"rendered":"Conditions g\u00e9n\u00e9rales d\u2019adh\u00e9sion au sein du Centre d\u2019analyse du terrorisme"},"content":{"rendered":"<p>[vc_row][vc_column width=&nbsp;&raquo;1\/6&Prime;][\/vc_column][vc_column width=&nbsp;&raquo;2\/3&Prime;]<header class=\"thememount-heading-wrapper thememount-heading-wrapper-align-center\"><div class=\"thememount-heading-wrapper-inner\"><h1 class=\"thememount-heading-align-center\"><span>Conditions g\u00e9n\u00e9rales d\u2019adh\u00e9sion<\/span><\/h1><\/div><\/header>[vc_column_text]En acceptant les conditions g\u00e9n\u00e9rales d\u2019adh\u00e9sion, le nouvel adh\u00e9rent reconna\u00eet avoir la capacit\u00e9 et le pouvoir de souscrire au bulletin d\u2019adh\u00e9sion et de respecter les conditions g\u00e9n\u00e9rales d\u2019adh\u00e9sion du Centre d\u2019analyse du terrorisme (CAT). Les conditions g\u00e9n\u00e9rales d\u2019adh\u00e9sion d\u00e9finissent les droits et obligations de l\u2019adh\u00e9rent et l\u2019association se r\u00e9serve le droit de modifier \u00e0 tout moment les pr\u00e9sentes conditions g\u00e9n\u00e9rales d\u2019adh\u00e9sion sous r\u00e9serve d\u2019en avertir le membre au plus tard un mois avant l\u2019entr\u00e9e en vigueur des nouvelles conditions g\u00e9n\u00e9rales d\u2019adh\u00e9sion.<\/p>\n<h3>1. Responsabilit\u00e9s et obligations<\/h3>\n<p>L\u2019adh\u00e9rent est seul responsable de l\u2019utilisation faite \u00e0 partir de son compte des sources disponibles via le site internet. En l\u2019esp\u00e8ce, l\u2019usage des informations, messages ou donn\u00e9es de toute nature disponibles par l\u2019interm\u00e9diaire du site internet du CAT rel\u00e8ve de sa seule responsabilit\u00e9. Un adh\u00e9rent sera tenu pour responsable \u00e0 l\u2019\u00e9gard de la structure et de tout tiers, de tout dommage direct ou indirect qu\u2019elle qu\u2019en soit la nature caus\u00e9e par un manquement \u00e0 ses engagements vis-\u00e0-vis du Centre d\u2019analyse du terrorisme.<\/p>\n<h3>2. Cotisation, dur\u00e9e et conditions d\u2019adh\u00e9sion<\/h3>\n<p>Pour devenir membre du Centre d\u2019Analyse du Terrorisme(CAT) et pouvoir acc\u00e9der \u00e0 nos ressources, merci de remplir le formulaire ci-dessous en renseignant l\u2019ensemble des champs demand\u00e9s. Une fois le formulaire compl\u00e9t\u00e9, le paiement des frais d\u2019adh\u00e9sion s\u2019effectue sur Hello Asso.<\/p>\n<p>Nous vous rappelons que pour adh\u00e9rer \u00e0 l\u2019association il faut, outre le r\u00e8glement d\u2019une cotisation, \u00eatre agr\u00e9e par le bureau du Centre d\u2019Analyse du Terrorisme qui, apr\u00e8s l\u2019examen complet du formulaire d\u2019adh\u00e9sion, se positionne positivement ou n\u00e9gativement.<\/p>\n<p>La d\u00e9cision du bureau \u00e9tant discr\u00e9tionnaire, le bureau n\u2019a pas \u00e0 faire conna\u00eetre les raisons d\u2019une r\u00e9ponse n\u00e9gative \u00e0 l\u2019int\u00e9ress\u00e9. En cas de refus, la cotisation est imm\u00e9diatement rembours\u00e9e.<\/p>\n<p>L\u2019adh\u00e9sion est valable pour une ann\u00e9e \u00e0 compter du jour d\u2019inscription. Celle-ci n\u2019est pas automatiquement renouvelable.<\/p>\n<h3>3. Confidentialit\u00e9 et responsabilit\u00e9 du nouveau membre<\/h3>\n<p>Tous les renseignements, informations, veilles et envois documentaires de quelque nature qu\u2019ils soient sontuniquement disponibles pour l\u2019adh\u00e9rent dont la candidature a \u00e9t\u00e9 pr\u00e9alablement approuv\u00e9e, et ce, pour son usage strictement personnel et \u00e0 usage interne. Il est strictement interdit de les d\u00e9livrer ou d\u2019en d\u00e9livrer copie, \u00e0 titre on\u00e9reux ou gratuit, \u00e0 des tiers.<\/p>\n<h3>4. Traitement des donn\u00e9es personnelles<\/h3>\n<p>Conform\u00e9ment aux dispositions de la loi Informatiques et Libert\u00e9s n\u00b078-17 du 6 janvier 1978 modifi\u00e9e, les donn\u00e9es personnelles recueillies aupr\u00e8s des adh\u00e9rents sont collect\u00e9es pour r\u00e9pondre \u00e0 des fins statistiques, comptable et de gestion. Le nouveau membre reconna\u00eet \u00eatre pleinement inform\u00e9 du fait que de telles informations peuvent donner lieu \u00e0 l\u2019exercice des droits d\u2019acc\u00e8s, de communication et de rectification aupr\u00e8s de l\u2019association.<\/p>\n<p>Pour toute question, vous pouvez nous contacter par mail : contact@cat-int.org.[\/vc_column_text][\/vc_column][vc_column width=&nbsp;&raquo;1\/6&Prime;][\/vc_column][\/vc_row]<\/p>\n","protected":false},"excerpt":{"rendered":"<p>[vc_row][vc_column width=&nbsp;&raquo;1\/6&Prime;][\/vc_column][vc_column width=&nbsp;&raquo;2\/3&Prime;][vc_column_text]En acceptant les conditions g\u00e9n\u00e9rales d\u2019adh\u00e9sion, le nouvel adh\u00e9rent reconna\u00eet avoir la capacit\u00e9 et le pouvoir de souscrire au bulletin d\u2019adh\u00e9sion et de respecter les conditions g\u00e9n\u00e9rales d\u2019adh\u00e9sion du Centre d\u2019analyse du terrorisme (CAT). Les conditions g\u00e9n\u00e9rales d\u2019adh\u00e9sion d\u00e9finissent les droits et obligations de l\u2019adh\u00e9rent et l\u2019association se r\u00e9serve le droit de modifier [&hellip;]<\/p>\n","protected":false},"author":3,"featured_media":0,"parent":0,"menu_order":0,"comment_status":"closed","ping_status":"closed","template":"","meta":[],"_links":{"self":[{"href":"https:\/\/staging.cat-int.org\/index.php\/wp-json\/wp\/v2\/pages\/5538"}],"collection":[{"href":"https:\/\/staging.cat-int.org\/index.php\/wp-json\/wp\/v2\/pages"}],"about":[{"href":"https:\/\/staging.cat-int.org\/index.php\/wp-json\/wp\/v2\/types\/page"}],"author":[{"embeddable":true,"href":"https:\/\/staging.cat-int.org\/index.php\/wp-json\/wp\/v2\/users\/3"}],"replies":[{"embeddable":true,"href":"https:\/\/staging.cat-int.org\/index.php\/wp-json\/wp\/v2\/comments?post=5538"}],"version-history":[{"count":3,"href":"https:\/\/staging.cat-int.org\/index.php\/wp-json\/wp\/v2\/pages\/5538\/revisions"}],"predecessor-version":[{"id":5623,"href":"https:\/\/staging.cat-int.org\/index.php\/wp-json\/wp\/v2\/pages\/5538\/revisions\/5623"}],"wp:attachment":[{"href":"https:\/\/staging.cat-int.org\/index.php\/wp-json\/wp\/v2\/media?parent=5538"}],"curies":[{"name":"wp","href":"https:\/\/api.w.org\/{rel}","templated":true}]}}